{"id":10479,"date":"2022-01-01T07:30:37","date_gmt":"2022-01-01T06:30:37","guid":{"rendered":"https:\/\/itsasmuseoa.eus\/jarduerak\/agenda\/ontziratu-zaitez-2\/"},"modified":"2022-11-15T12:58:32","modified_gmt":"2022-11-15T11:58:32","slug":"ontziratu-zaitez-2","status":"publish","type":"page","link":"https:\/\/itsasmuseoa.eus\/eu\/ontziratu-zaitez-2\/","title":{"rendered":"Ontziratu zaitez&#8230;"},"content":{"rendered":"\n<a href=\"https:\/\/itsasmuseoa.eus\/\">Inicio<\/a> <img decoding=\"async\" src=\"https:\/\/itsasmuseoa.eus\/flecha-breadcrumbs\/\" alt=\"icono flecha\"> Actividades <img decoding=\"async\" src=\"https:\/\/itsasmuseoa.eus\/flecha-breadcrumbs\/\" alt=\"icono flecha\"> <a href=\"https:\/\/itsasmuseoa.eus\/actividades\/agenda\/\">Agenda<\/a> <img decoding=\"async\" src=\"https:\/\/itsasmuseoa.eus\/flecha-breadcrumbs\/\" alt=\"icono flecha\"> Copia de Embarca con\u2026\n\t\t<h2>\n\t\t\tTitle\n\t\t<\/h2>\n<h2>\n\t\tEncuentro \n\t<\/h2>\n<h1>\n\t\tEMBARCA CON&#8230;\n\t<\/h1>\n<h2>\n\t\t27 de abril 2022\n\t<\/h2>\n<h2>\n\t\tLugar: Gambara del Museo\n\t<\/h2>\n\n\n\t<p>El director del Museo Xabier Alberdi y el historiador y arque\u00f3logo Josu Etxezarraga hablar\u00e1n sobre las &#8220;Expediciones arqueol\u00f3gicas en busca de los vestigios de los pescadores vascos de los s.XVI- XVIII en Canad\u00e1 y EEUU&#8221;.<\/p>\n<p><strong>Plazas limitadas<\/strong>: Reserva previa necesaria.<\/p>\n<p><strong>Idioma:<\/strong> Castellano<\/p>\n<p>&nbsp;<\/p>\n\t\t\t<a href=\"https:\/\/itsasmuseoa.eus\/reserva-de-entradas\/?reserva=Embarca con 27\/04\" target=\"_self\" role=\"button\" rel=\"noopener\">\n\t\t\t\t\t\tReservar plaza\n\t\t\t\t\t<\/a>\n\t<p><strong>Embarca con&#8230;<\/strong><\/p>\n<p>Dentro del programa de la exposici\u00f3n <i>Tromelin. La isla de los esclavos olvidado<\/i>s, el \u00faltimo mi\u00e9rcoles de cada mes, celebraremos un encuentro entre Xabier Alberdi y un invitado\/a, donde podremos escuchar, profundizar y debatir sobre los diferentes temas que abarca la muestra.<\/p>\n\t\t\t\t<a href=\"https:\/\/itsasmuseoa.eus\/wp-content\/uploads\/2022\/03\/Banner_WEB_3-1-1.jpg\" target=\"_self\" itemprop=\"url\" rel=\"noopener\">\n\t\t\t\t<img decoding=\"async\" src=\"https:\/\/itsasmuseoa.eus\/wp-content\/uploads\/2022\/03\/Banner_WEB_3-1-1.jpg\" alt=\"Embarca con...\" itemprop=\"image\" height=\"1200\" width=\"1800\" title=\"Ontziratu zaitez...Embarca con...\" onerror=\"this.style.display='none'\">\n\t\t\t\t<\/a>\n\t<a href=\"#\" id=\"trigger-\" data-modal=\"\" data-node=\"\">\n\t\t\t\t\t\t\tAMPLIAR FOTO\n\t\t\t\t\t\t\t\t\t\t\t\t<\/a>\n\t\t\t\t\t\tPreview\n\t\t\tmodal-\n\t\t\t\t\t\t<img decoding=\"async\" src=\"\">\n","protected":false},"excerpt":{"rendered":"<p>Encuentro entre Xabier Alberdi y Amets Arzallus y Ander Izagirre en la ganbara del Museo para hablar sobre la situaci\u00f3n dram\u00e1tica que se vive en el mar con las personas inmigrantes africanas.<\/p>\n","protected":false},"author":4,"featured_media":10454,"parent":0,"menu_order":0,"comment_status":"closed","ping_status":"closed","template":"","meta":{"_acf_changed":false,"footnotes":""},"categories":[],"tags":[299],"class_list":["post-10479","page","type-page","status-publish","has-post-thumbnail","hentry","tag-topaketa"],"acf":[],"yoast_head":"<!-- This site is optimized with the Yoast SEO plugin v27.5 - https:\/\/yoast.com\/product\/yoast-seo-wordpress\/ -->\n<title>Ontziratu zaitez... - Euskal Itsas Museoa<\/title>\n<meta name=\"robots\" content=\"index, follow, max-snippet:-1, max-image-preview:large, max-video-preview:-1\" \/>\n<link rel=\"canonical\" href=\"https:\/\/itsasmuseoa.eus\/eu\/ontziratu-zaitez-2\/\" \/>\n<meta property=\"og:locale\" content=\"eu_ES\" \/>\n<meta property=\"og:type\" content=\"article\" \/>\n<meta property=\"og:title\" content=\"Ontziratu zaitez... - Euskal Itsas Museoa\" \/>\n<meta property=\"og:description\" content=\"Encuentro entre Xabier Alberdi y Amets Arzallus y Ander Izagirre en la ganbara del Museo para hablar sobre la situaci\u00f3n dram\u00e1tica que se vive en el mar con las personas inmigrantes africanas.\" \/>\n<meta property=\"og:url\" content=\"https:\/\/itsasmuseoa.eus\/eu\/ontziratu-zaitez-2\/\" \/>\n<meta property=\"og:site_name\" content=\"Euskal Itsas Museoa\" \/>\n<meta property=\"article:modified_time\" content=\"2022-11-15T11:58:32+00:00\" \/>\n<meta property=\"og:image\" content=\"https:\/\/itsasmuseoa.eus\/wp-content\/uploads\/2022\/03\/Banner_WEB_3-1-1.jpg\" \/>\n\t<meta property=\"og:image:width\" content=\"1800\" \/>\n\t<meta property=\"og:image:height\" content=\"1200\" \/>\n\t<meta property=\"og:image:type\" content=\"image\/jpeg\" \/>\n<meta name=\"twitter:card\" content=\"summary_large_image\" \/>\n<meta name=\"twitter:label1\" content=\"Est. reading time\" \/>\n\t<meta name=\"twitter:data1\" content=\"2 minutes\" \/>\n<script type=\"application\/ld+json\" class=\"yoast-schema-graph\">{\"@context\":\"https:\\\/\\\/schema.org\",\"@graph\":[{\"@type\":\"WebPage\",\"@id\":\"https:\\\/\\\/itsasmuseoa.eus\\\/eu\\\/ontziratu-zaitez-2\\\/\",\"url\":\"https:\\\/\\\/itsasmuseoa.eus\\\/eu\\\/ontziratu-zaitez-2\\\/\",\"name\":\"Ontziratu zaitez... - Euskal Itsas Museoa\",\"isPartOf\":{\"@id\":\"https:\\\/\\\/itsasmuseoa.eus\\\/eu\\\/#website\"},\"primaryImageOfPage\":{\"@id\":\"https:\\\/\\\/itsasmuseoa.eus\\\/eu\\\/ontziratu-zaitez-2\\\/#primaryimage\"},\"image\":{\"@id\":\"https:\\\/\\\/itsasmuseoa.eus\\\/eu\\\/ontziratu-zaitez-2\\\/#primaryimage\"},\"thumbnailUrl\":\"https:\\\/\\\/itsasmuseoa.eus\\\/wp-content\\\/uploads\\\/2022\\\/03\\\/Banner_WEB_3-1-1.jpg\",\"datePublished\":\"2022-01-01T06:30:37+00:00\",\"dateModified\":\"2022-11-15T11:58:32+00:00\",\"breadcrumb\":{\"@id\":\"https:\\\/\\\/itsasmuseoa.eus\\\/eu\\\/ontziratu-zaitez-2\\\/#breadcrumb\"},\"inLanguage\":\"eu-ES\",\"potentialAction\":[{\"@type\":\"ReadAction\",\"target\":[\"https:\\\/\\\/itsasmuseoa.eus\\\/eu\\\/ontziratu-zaitez-2\\\/\"]}]},{\"@type\":\"ImageObject\",\"inLanguage\":\"eu-ES\",\"@id\":\"https:\\\/\\\/itsasmuseoa.eus\\\/eu\\\/ontziratu-zaitez-2\\\/#primaryimage\",\"url\":\"https:\\\/\\\/itsasmuseoa.eus\\\/wp-content\\\/uploads\\\/2022\\\/03\\\/Banner_WEB_3-1-1.jpg\",\"contentUrl\":\"https:\\\/\\\/itsasmuseoa.eus\\\/wp-content\\\/uploads\\\/2022\\\/03\\\/Banner_WEB_3-1-1.jpg\",\"width\":1800,\"height\":1200,\"caption\":\"Ontziratu zaitez...Embarca con...\"},{\"@type\":\"BreadcrumbList\",\"@id\":\"https:\\\/\\\/itsasmuseoa.eus\\\/eu\\\/ontziratu-zaitez-2\\\/#breadcrumb\",\"itemListElement\":[{\"@type\":\"ListItem\",\"position\":1,\"name\":\"Inicio\",\"item\":\"https:\\\/\\\/itsasmuseoa.eus\\\/eu\\\/\"},{\"@type\":\"ListItem\",\"position\":2,\"name\":\"Ontziratu zaitez&#8230;\"}]},{\"@type\":\"WebSite\",\"@id\":\"https:\\\/\\\/itsasmuseoa.eus\\\/eu\\\/#website\",\"url\":\"https:\\\/\\\/itsasmuseoa.eus\\\/eu\\\/\",\"name\":\"Euskal Itsas Museoa\",\"description\":\"Museo Mar\u00edtimo Vasco\",\"potentialAction\":[{\"@type\":\"SearchAction\",\"target\":{\"@type\":\"EntryPoint\",\"urlTemplate\":\"https:\\\/\\\/itsasmuseoa.eus\\\/eu\\\/?s={search_term_string}\"},\"query-input\":{\"@type\":\"PropertyValueSpecification\",\"valueRequired\":true,\"valueName\":\"search_term_string\"}}],\"inLanguage\":\"eu-ES\"}]}<\/script>\n<!-- \/ Yoast SEO plugin. -->","yoast_head_json":{"title":"Ontziratu zaitez... - Euskal Itsas Museoa","robots":{"index":"index","follow":"follow","max-snippet":"max-snippet:-1","max-image-preview":"max-image-preview:large","max-video-preview":"max-video-preview:-1"},"canonical":"https:\/\/itsasmuseoa.eus\/eu\/ontziratu-zaitez-2\/","og_locale":"eu_ES","og_type":"article","og_title":"Ontziratu zaitez... - Euskal Itsas Museoa","og_description":"Encuentro entre Xabier Alberdi y Amets Arzallus y Ander Izagirre en la ganbara del Museo para hablar sobre la situaci\u00f3n dram\u00e1tica que se vive en el mar con las personas inmigrantes africanas.","og_url":"https:\/\/itsasmuseoa.eus\/eu\/ontziratu-zaitez-2\/","og_site_name":"Euskal Itsas Museoa","article_modified_time":"2022-11-15T11:58:32+00:00","og_image":[{"width":1800,"height":1200,"url":"https:\/\/itsasmuseoa.eus\/wp-content\/uploads\/2022\/03\/Banner_WEB_3-1-1.jpg","type":"image\/jpeg"}],"twitter_card":"summary_large_image","twitter_misc":{"Est. reading time":"2 minutes"},"schema":{"@context":"https:\/\/schema.org","@graph":[{"@type":"WebPage","@id":"https:\/\/itsasmuseoa.eus\/eu\/ontziratu-zaitez-2\/","url":"https:\/\/itsasmuseoa.eus\/eu\/ontziratu-zaitez-2\/","name":"Ontziratu zaitez... - Euskal Itsas Museoa","isPartOf":{"@id":"https:\/\/itsasmuseoa.eus\/eu\/#website"},"primaryImageOfPage":{"@id":"https:\/\/itsasmuseoa.eus\/eu\/ontziratu-zaitez-2\/#primaryimage"},"image":{"@id":"https:\/\/itsasmuseoa.eus\/eu\/ontziratu-zaitez-2\/#primaryimage"},"thumbnailUrl":"https:\/\/itsasmuseoa.eus\/wp-content\/uploads\/2022\/03\/Banner_WEB_3-1-1.jpg","datePublished":"2022-01-01T06:30:37+00:00","dateModified":"2022-11-15T11:58:32+00:00","breadcrumb":{"@id":"https:\/\/itsasmuseoa.eus\/eu\/ontziratu-zaitez-2\/#breadcrumb"},"inLanguage":"eu-ES","potentialAction":[{"@type":"ReadAction","target":["https:\/\/itsasmuseoa.eus\/eu\/ontziratu-zaitez-2\/"]}]},{"@type":"ImageObject","inLanguage":"eu-ES","@id":"https:\/\/itsasmuseoa.eus\/eu\/ontziratu-zaitez-2\/#primaryimage","url":"https:\/\/itsasmuseoa.eus\/wp-content\/uploads\/2022\/03\/Banner_WEB_3-1-1.jpg","contentUrl":"https:\/\/itsasmuseoa.eus\/wp-content\/uploads\/2022\/03\/Banner_WEB_3-1-1.jpg","width":1800,"height":1200,"caption":"Ontziratu zaitez...Embarca con..."},{"@type":"BreadcrumbList","@id":"https:\/\/itsasmuseoa.eus\/eu\/ontziratu-zaitez-2\/#breadcrumb","itemListElement":[{"@type":"ListItem","position":1,"name":"Inicio","item":"https:\/\/itsasmuseoa.eus\/eu\/"},{"@type":"ListItem","position":2,"name":"Ontziratu zaitez&#8230;"}]},{"@type":"WebSite","@id":"https:\/\/itsasmuseoa.eus\/eu\/#website","url":"https:\/\/itsasmuseoa.eus\/eu\/","name":"Euskal Itsas Museoa","description":"Museo Mar\u00edtimo Vasco","potentialAction":[{"@type":"SearchAction","target":{"@type":"EntryPoint","urlTemplate":"https:\/\/itsasmuseoa.eus\/eu\/?s={search_term_string}"},"query-input":{"@type":"PropertyValueSpecification","valueRequired":true,"valueName":"search_term_string"}}],"inLanguage":"eu-ES"}]}},"_links":{"self":[{"href":"https:\/\/itsasmuseoa.eus\/eu\/wp-json\/wp\/v2\/pages\/10479","targetHints":{"allow":["GET"]}}],"collection":[{"href":"https:\/\/itsasmuseoa.eus\/eu\/wp-json\/wp\/v2\/pages"}],"about":[{"href":"https:\/\/itsasmuseoa.eus\/eu\/wp-json\/wp\/v2\/types\/page"}],"author":[{"embeddable":true,"href":"https:\/\/itsasmuseoa.eus\/eu\/wp-json\/wp\/v2\/users\/4"}],"replies":[{"embeddable":true,"href":"https:\/\/itsasmuseoa.eus\/eu\/wp-json\/wp\/v2\/comments?post=10479"}],"version-history":[{"count":0,"href":"https:\/\/itsasmuseoa.eus\/eu\/wp-json\/wp\/v2\/pages\/10479\/revisions"}],"wp:featuredmedia":[{"embeddable":true,"href":"https:\/\/itsasmuseoa.eus\/eu\/wp-json\/wp\/v2\/media\/10454"}],"wp:attachment":[{"href":"https:\/\/itsasmuseoa.eus\/eu\/wp-json\/wp\/v2\/media?parent=10479"}],"wp:term":[{"taxonomy":"category","embeddable":true,"href":"https:\/\/itsasmuseoa.eus\/eu\/wp-json\/wp\/v2\/categories?post=10479"},{"taxonomy":"post_tag","embeddable":true,"href":"https:\/\/itsasmuseoa.eus\/eu\/wp-json\/wp\/v2\/tags?post=10479"}],"curies":[{"name":"wp","href":"https:\/\/api.w.org\/{rel}","templated":true}]}}

<a href="https://itsasmuseoa.eus/">Inicio</a> <img decoding="async" src="https://itsasmuseoa.eus/flecha-breadcrumbs/" alt="icono flecha"> Actividades <img decoding="async" src="https://itsasmuseoa.eus/flecha-breadcrumbs/" alt="icono flecha"> <a href="https://itsasmuseoa.eus/actividades/agenda/">Agenda</a> <img decoding="async" src="https://itsasmuseoa.eus/flecha-breadcrumbs/" alt="icono flecha"> Copia de Embarca con…
		<h2>
			Title
		</h2>
<h2>
		Encuentro 
	</h2>
<h1>
		EMBARCA CON&#8230;
	</h1>
<h2>
		27 de abril 2022
	</h2>
<h2>
		Lugar: Gambara del Museo
	</h2>


	<p>El director del Museo Xabier Alberdi y el historiador y arqueólogo Josu Etxezarraga hablarán sobre las &#8220;Expediciones arqueológicas en busca de los vestigios de los pescadores vascos de los s.XVI- XVIII en Canadá y EEUU&#8221;.</p>
<p><strong>Plazas limitadas</strong>: Reserva previa necesaria.</p>
<p><strong>Idioma:</strong> Castellano</p>
<p>&nbsp;</p>
			<a href="https://itsasmuseoa.eus/reserva-de-entradas/?reserva=Embarca con 27/04" target="_self" role="button" rel="noopener">
						Reservar plaza
					</a>
	<p><strong>Embarca con&#8230;</strong></p>
<p>Dentro del programa de la exposición <i>Tromelin. La isla de los esclavos olvidado</i>s, el último miércoles de cada mes, celebraremos un encuentro entre Xabier Alberdi y un invitado/a, donde podremos escuchar, profundizar y debatir sobre los diferentes temas que abarca la muestra.</p>
				<a href="https://itsasmuseoa.eus/wp-content/uploads/2022/03/Banner_WEB_3-1-1.jpg" target="_self" itemprop="url" rel="noopener">
				<img decoding="async" src="https://itsasmuseoa.eus/wp-content/uploads/2022/03/Banner_WEB_3-1-1.jpg" alt="Embarca con..." itemprop="image" height="1200" width="1800" title="Ontziratu zaitez...Embarca con..." onerror="this.style.display='none'">
				</a>
	<a href="#" id="trigger-" data-modal="" data-node="">
							AMPLIAR FOTO
												</a>
						Preview
			modal-
						<img decoding="async" src="">

<p>Encuentro entre Xabier Alberdi y Amets Arzallus y Ander Izagirre en la ganbara del Museo para hablar sobre la situación dramática que se vive en el mar con las personas inmigrantes africanas.</p>

<!-- This site is optimized with the Yoast SEO plugin v27.5 - https://yoast.com/product/yoast-seo-wordpress/ -->
<title>Ontziratu zaitez... - Euskal Itsas Museoa</title>
<meta name="robots" content="index, follow, max-snippet:-1, max-image-preview:large, max-video-preview:-1" />
<link rel="canonical" href="https://itsasmuseoa.eus/eu/ontziratu-zaitez-2/" />
<meta property="og:locale" content="eu_ES" />
<meta property="og:type" content="article" />
<meta property="og:title" content="Ontziratu zaitez... - Euskal Itsas Museoa" />
<meta property="og:description" content="Encuentro entre Xabier Alberdi y Amets Arzallus y Ander Izagirre en la ganbara del Museo para hablar sobre la situación dramática que se vive en el mar con las personas inmigrantes africanas." />
<meta property="og:url" content="https://itsasmuseoa.eus/eu/ontziratu-zaitez-2/" />
<meta property="og:site_name" content="Euskal Itsas Museoa" />
<meta property="article:modified_time" content="2022-11-15T11:58:32+00:00" />
<meta property="og:image" content="https://itsasmuseoa.eus/wp-content/uploads/2022/03/Banner_WEB_3-1-1.jpg" />
	<meta property="og:image:width" content="1800" />
	<meta property="og:image:height" content="1200" />
	<meta property="og:image:type" content="image/jpeg" />
<meta name="twitter:card" content="summary_large_image" />
<meta name="twitter:label1" content="Est. reading time" />
	<meta name="twitter:data1" content="2 minutes" />
<script type="application/ld+json" class="yoast-schema-graph">{"@context":"https:\/\/schema.org","@graph":[{"@type":"WebPage","@id":"https:\/\/itsasmuseoa.eus\/eu\/ontziratu-zaitez-2\/","url":"https:\/\/itsasmuseoa.eus\/eu\/ontziratu-zaitez-2\/","name":"Ontziratu zaitez... - Euskal Itsas Museoa","isPartOf":{"@id":"https:\/\/itsasmuseoa.eus\/eu\/#website"},"primaryImageOfPage":{"@id":"https:\/\/itsasmuseoa.eus\/eu\/ontziratu-zaitez-2\/#primaryimage"},"image":{"@id":"https:\/\/itsasmuseoa.eus\/eu\/ontziratu-zaitez-2\/#primaryimage"},"thumbnailUrl":"https:\/\/itsasmuseoa.eus\/wp-content\/uploads\/2022\/03\/Banner_WEB_3-1-1.jpg","datePublished":"2022-01-01T06:30:37+00:00","dateModified":"2022-11-15T11:58:32+00:00","breadcrumb":{"@id":"https:\/\/itsasmuseoa.eus\/eu\/ontziratu-zaitez-2\/#breadcrumb"},"inLanguage":"eu-ES","potentialAction":[{"@type":"ReadAction","target":["https:\/\/itsasmuseoa.eus\/eu\/ontziratu-zaitez-2\/"]}]},{"@type":"ImageObject","inLanguage":"eu-ES","@id":"https:\/\/itsasmuseoa.eus\/eu\/ontziratu-zaitez-2\/#primaryimage","url":"https:\/\/itsasmuseoa.eus\/wp-content\/uploads\/2022\/03\/Banner_WEB_3-1-1.jpg","contentUrl":"https:\/\/itsasmuseoa.eus\/wp-content\/uploads\/2022\/03\/Banner_WEB_3-1-1.jpg","width":1800,"height":1200,"caption":"Ontziratu zaitez...Embarca con..."},{"@type":"BreadcrumbList","@id":"https:\/\/itsasmuseoa.eus\/eu\/ontziratu-zaitez-2\/#breadcrumb","itemListElement":[{"@type":"ListItem","position":1,"name":"Inicio","item":"https:\/\/itsasmuseoa.eus\/eu\/"},{"@type":"ListItem","position":2,"name":"Ontziratu zaitez&#8230;"}]},{"@type":"WebSite","@id":"https:\/\/itsasmuseoa.eus\/eu\/#website","url":"https:\/\/itsasmuseoa.eus\/eu\/","name":"Euskal Itsas Museoa","description":"Museo Marítimo Vasco","potentialAction":[{"@type":"SearchAction","target":{"@type":"EntryPoint","urlTemplate":"https:\/\/itsasmuseoa.eus\/eu\/?s={search_term_string}"},"query-input":{"@type":"PropertyValueSpecification","valueRequired":true,"valueName":"search_term_string"}}],"inLanguage":"eu-ES"}]}</script>
<!-- / Yoast SEO plugin. -->

Encuentro entre Xabier Alberdi y Amets Arzallus y Ander Izagirre en la ganbara del Museo para hablar sobre la situación dramática que se vive en el mar con las personas inmigrantes africanas.

Museo Marítimo Vasco
